 1605063?
0
What is the units digit of 143029?
9
What is the ten thousands digit of 132186?
3
What is the hundred thousands digit of 409555?
4
What is the hundred thousands digit of 202337?
2
What is the ten thousands digit of 1257809?
5
What is the hundred thousands digit of 10410919?
4
What is the units digit of 9552458?
8
What is the tens digit of 22876089?
8
What is the hundred thousands digit of 3500509?
5
What is the ten thousands digit of 128524?
2
What is the units digit of 22952822?
2
What is the units digit of 26452229?
9
What is the thousands digit of 696302?
6
What is the ten thousands digit of 10699121?
9
What is the hundred thousands digit of 34158748?
1
What is the units digit of 4558214?
4
What is the millions digit of 3625694?
3
What is the tens digit of 12721806?
0
What is the hundreds digit of 198405?
4
What is the hundreds digit of 252732?
7
What is the hundred thousands digit of 570633?
5
What is the hundred thousands digit of 5929571?
9
What is the hundred thousands digit of 3146019?
1
What is the ten thousands digit of 835652?
3
What is the units digit of 3001?
1
What is the hundreds digit of 2487500?
5
What is the millions digit of 25516499?
5
What is the hundred thousands digit of 4181984?
1
What is the units digit of 148737?
7
What is the ten thousands digit of 28105874?
0
What is the hundreds digit of 160407?
4
What is the tens digit of 269485?
8
What is the tens digit of 121133?
3
What is the tens digit of 3917379?
7
What is the units digit of 68736?
6
What is the units digit of 864124?
4
What is the tens digit of 823000?
0
What is the thousands digit of 79763?
9
What is the millions digit of 10005504?
0
What is the thousands digit of 881848?
1
What is the hundred thousands digit of 3370202?
3
What is the tens digit of 673197?
9
What is the tens digit of 879244?
4
What is the units digit of 118874?
4
What is the hundreds digit of 4443567?
5
What is the thousands digit of 4532279?
2
What is the thousands digit of 140453?
0
What is the units digit of 3232132?
2
What is the hundreds digit of 199416?
4
What is the tens digit of 446562?
6
What is the units digit of 1751053?
3
What is the thousands digit of 1059842?
9
What is the units digit of 125574?
4
What is the thousands digit of 2205296?
5
What is the thousands digit of 121622?
1
What is the ten thousands digit of 32392?
3
What is the tens digit of 30301249?
4
What is the hundreds digit of 1171751?
7
What is the thousands digit of 211311?
1
What is the tens digit of 6571372?
7
What is the ten thousands digit of 8631977?
3
What is the thousands digit of 8637689?
7
What is the hundreds digit of 296263?
2
What is the ten thousands digit of 9800057?
0
What is the ten thousands digit of 9139290?
3
What is the tens digit of 1275649?
4
What is the thousands digit of 908917?
8
What is the hundreds digit of 447133?
1
What is the units digit of 72905?
5
What is the hundreds digit of 10285798?
7
What is the millions digit of 5020259?
5
What is the hundred thousands digit of 26904526?
9
What is the hundred thousands digit of 278648?
2
What is the hundreds digit of 9387526?
5
What is the hundreds digit of 7559079?
0
What is the millions digit of 10509534?
0
What is the units digit of 4924009?
9
What is the hundred thousands digit of 967953?
9
What is the ten thousands digit of 29742431?
4
What is the hundred thousands digit of 1913915?
9
What is the units digit of 21268434?
4
What is the units digit of 334651?
1
What is the millions digit of 16463256?
6
What is the thousands digit of 3379729?
9
What is the hundreds digit of 3793536?
5
What is the units digit of 26107821?
1
What is the millions digit of 8272771?
8
What is the ten thousands digit of 3933170?
3
What is the units digit of 275694?
4
What is the thousands digit of 972509?
2
What is the units digit of 848885?
5
What is the ten thousands digit of 2670180?
7
What is the millions digit of 7107789?
7
What is the millions digit of 13174757?
3
What is the tens digit of 21710559?
5
What is the tens digit of 16324014?
1
What is the tens digit of 1840555?
5
What is the hundred thousands digit of 19749301?
7
What is the hundred thousands digit of 536839?
5
What is the tens digit of 4271877?
7
What is the tens digit of 9368476?
7
What is the units digit of 1876844?
4
What is the hundreds digit of 178456?
4
What is the millions digit of 4700923?
4
What is the thousands digit of 6508018?
8
What is the thousands digit of 5883547?
3
What is the hundreds digit of 187732?
7
What is the hundred thousands digit of 1990233?
9
What is the hundreds digit of 20655?
6
What is the millions digit of 13096209?
3
What is the units digit of 5994990?
0
What is the thousands digit of 588195?
8
What is the thousands digit of 3744458?
4
What is the tens digit of 30791599?
9
What is the hundred thousands digit of 4068443?
0
What is the thousands digit of 1567826?
7
What is the hundreds digit of 469215?
2
What is the thousands digit of 184341?
4
What is the ten thousands digit of 277759?
7
What is the hundreds digit of 274174?
1
What is the hundreds digit of 3567579?
5
What is the tens digit of 12371481?
8
What is the units digit of 10812792?
2
What is the millions digit of 1201408?
1
What is the tens digit of 1892971?
7
What is the tens digit of 156551?
5
What is the thousands digit of 13701999?
1
What is the ten millions digit of 11029779?
1
What is the ten thousands digit of 44560?
4
What is the tens digit of 1861821?
2
What is the millions digit of 4933083?
4
What is the units digit of 325424?
4
What is the thousands digit of 435719?
5
What is the units digit of 126446?
6
What is the millions digit of 5971573?
5
What is the ten thousands digit of 4090507?
9
What is the thousands digit of 975076?
5
What is the units digit of 671747?
7
What is the hundreds digit of 322028?
0
What is the thousands digit of 1596421?
6
What is the tens digit of 14078471?
7
What is the hundreds digit of 19790204?
2
What is the tens digit of 3659345?
4
What is the tens digit of 14908694?
9
What is the ten thousands digit of 261873?
6
What is the units digit of 2934860?
0
What is the tens digit of 10267597?
9
What is the hundred thousands digit of 1528578?
5
What is the units digit of 692640?
0
What is the thousands digit of 885069?
5
What is the thousands digit of 1283196?
3
What is the ten thousands digit of 8590458?
9
What is the hundred thousands digit of 1775608?
7
What is the hundreds digit of 502276?
2
What is the ten millions digit of 19009045?
1
What is the ten thousands digit of 816831?
1
What is the ten thousands digit of 5835870?
3
What is the thousands digit of 16820?
6
What is the ten thousands digit of 430008?
3
What is the millions digit of 4181479?
4
What is the hundred thousands digit of 1486917?
4
What is the hundreds digit of 2762235?
2
What is the hundred thousands digit of 2985317?
9
What is the hundred thousands digit of 17297234?
2
What is the ten thousands digit of 2529548?
2
What is the ten thousands digit of 77051?
7
What is the units digit of 226623?
3
What is the hundred thousands digit of 211630?
2
What is the thousands digit of 7318?
7
What is the ten thousands digit of 10571?
1
What is the tens digit of 1071194?
9
What is the thousands digit of 34375491?
5
What is the millions digit of 30811632?
0
What is the tens digit of 8038257?
5
What is the ten thousands digit of 450471?
5
What is the hundred thousands digit of 325449?
3
What is the millions digit of 7806865?
7
What is the millions digit of 8128783?
8
What is the units digit of 940788?
8
What is the ten thousands digit of 25304646?
0
What is the hundreds digit of 1225786?
7
What is the units digit of 19939212?
2
What is the thousands digit of 115350?
5
What is the tens digit of 4757340?
4
What is the thousands digit of 9222770?
2
What is the ten thousands digit of 14483797?
8
What is the hundred thousands digit of 1027945?
0
What is the tens digit of 286207?
0
What is the ten thousands digit of 573393?
7
What is the ten thousands digit of 9205509?
0
What is the ten thousands digit of 2260918?
6
What is the tens digit of 86988?
8
What is the millions digit of 4175701?
4
What is the thousands digit of 17333678?
3
What is the ten thousands digit of 1017806?
1
What is the ten thousands 